{"id":24596,"date":"2024-03-04T10:59:16","date_gmt":"2024-03-04T10:59:16","guid":{"rendered":"https:\/\/www.lagunino.cz\/?page_id=24596"},"modified":"2025-01-25T20:14:32","modified_gmt":"2025-01-25T20:14:32","slug":"lagunino-ninja-warrior-kids-2024","status":"publish","type":"page","link":"https:\/\/www.lagunino.cz\/lagunino-ninja-warrior-kids-2024\/","title":{"rendered":"Lagunino Ninja Warrior Kids 2024"},"content":{"rendered":"\n<h2 class=\"wp-block-heading has-text-align-center has-huge-font-size\">Lagunino Ninja Warrior Kids 2024<\/h2>\n\n\n<div class=\"wp-block-image\">\n<figure class=\"aligncenter size-large is-resized\"><img loading=\"lazy\" decoding=\"async\" width=\"1024\" height=\"718\" src=\"https:\/\/www.lagunino.cz\/wp-content\/uploads\/2025\/01\/Ninja-Warrior-logo-1536x1077-1-1024x718.jpg\" alt=\"\" class=\"wp-image-28510\" style=\"width:603px;height:auto\" srcset=\"https:\/\/www.lagunino.cz\/wp-content\/uploads\/2025\/01\/Ninja-Warrior-logo-1536x1077-1-1024x718.jpg 1024w, https:\/\/www.lagunino.cz\/wp-content\/uploads\/2025\/01\/Ninja-Warrior-logo-1536x1077-1-300x210.jpg 300w, https:\/\/www.lagunino.cz\/wp-content\/uploads\/2025\/01\/Ninja-Warrior-logo-1536x1077-1-768x539.jpg 768w, https:\/\/www.lagunino.cz\/wp-content\/uploads\/2025\/01\/Ninja-Warrior-logo-1536x1077-1.jpg 1536w\" sizes=\"auto, (max-width: 1024px) 100vw, 1024px\" \/><\/figure>\n<\/div>\n\n\n<p class=\"has-text-align-center\" style=\"font-size:24px\">\u010ctvrt\u00fd ro\u010dn\u00edk z\u00e1vod\u016f Ninja Warrior Kids 2024 je za n\u00e1mi. D\u011bti byly naprosto \u00fa\u017easn\u00e9. U v\u0161ech bylo vid\u011bt obrovsk\u00e9 zlep\u0161en\u00ed a v\u0161ichni p\u0159edvedli fenomen\u00e1ln\u00ed v\u00fdsledky. V\u0161em se klan\u00edme a \ud83d\udc4f<\/p>\n\n\n\n<figure class=\"wp-block-gallery has-nested-images columns-default is-cropped wp-block-gallery-1 is-layout-flex wp-block-gallery-is-layout-flex\">\n<figure class=\"wp-block-image size-large\"><img loading=\"lazy\" decoding=\"async\" width=\"1024\" height=\"683\" data-id=\"25945\" src=\"https:\/\/www.lagunino.cz\/wp-content\/uploads\/2024\/06\/2024-06-04-18h39m48-1-X3-1024x683.jpg\" alt=\"\" class=\"wp-image-25945\" srcset=\"https:\/\/www.lagunino.cz\/wp-content\/uploads\/2024\/06\/2024-06-04-18h39m48-1-X3-1024x683.jpg 1024w, https:\/\/www.lagunino.cz\/wp-content\/uploads\/2024\/06\/2024-06-04-18h39m48-1-X3-300x200.jpg 300w, https:\/\/www.lagunino.cz\/wp-content\/uploads\/2024\/06\/2024-06-04-18h39m48-1-X3-768x512.jpg 768w, https:\/\/www.lagunino.cz\/wp-content\/uploads\/2024\/06\/2024-06-04-18h39m48-1-X3-1536x1024.jpg 1536w, https:\/\/www.lagunino.cz\/wp-content\/uploads\/2024\/06\/2024-06-04-18h39m48-1-X3.jpg 1600w\" sizes=\"auto, (max-width: 1024px) 100vw, 1024px\" \/><\/figure>\n\n\n\n<figure class=\"wp-block-image size-large\"><img loading=\"lazy\" decoding=\"async\" width=\"1024\" height=\"683\" data-id=\"25946\" src=\"https:\/\/www.lagunino.cz\/wp-content\/uploads\/2024\/06\/2024-06-04-18h43m19-1-X3-1024x683.jpg\" alt=\"\" class=\"wp-image-25946\" srcset=\"https:\/\/www.lagunino.cz\/wp-content\/uploads\/2024\/06\/2024-06-04-18h43m19-1-X3-1024x683.jpg 1024w, https:\/\/www.lagunino.cz\/wp-content\/uploads\/2024\/06\/2024-06-04-18h43m19-1-X3-300x200.jpg 300w, https:\/\/www.lagunino.cz\/wp-content\/uploads\/2024\/06\/2024-06-04-18h43m19-1-X3-768x512.jpg 768w, https:\/\/www.lagunino.cz\/wp-content\/uploads\/2024\/06\/2024-06-04-18h43m19-1-X3-1536x1024.jpg 1536w, https:\/\/www.lagunino.cz\/wp-content\/uploads\/2024\/06\/2024-06-04-18h43m19-1-X3.jpg 1600w\" sizes=\"auto, (max-width: 1024px) 100vw, 1024px\" \/><\/figure>\n\n\n\n<figure class=\"wp-block-image size-large\"><img loading=\"lazy\" decoding=\"async\" width=\"1024\" height=\"683\" data-id=\"25948\" src=\"https:\/\/www.lagunino.cz\/wp-content\/uploads\/2024\/06\/2024-06-04-18h46m43-X3-1024x683.jpg\" alt=\"\" class=\"wp-image-25948\" srcset=\"https:\/\/www.lagunino.cz\/wp-content\/uploads\/2024\/06\/2024-06-04-18h46m43-X3-1024x683.jpg 1024w, https:\/\/www.lagunino.cz\/wp-content\/uploads\/2024\/06\/2024-06-04-18h46m43-X3-300x200.jpg 300w, https:\/\/www.lagunino.cz\/wp-content\/uploads\/2024\/06\/2024-06-04-18h46m43-X3-768x512.jpg 768w, https:\/\/www.lagunino.cz\/wp-content\/uploads\/2024\/06\/2024-06-04-18h46m43-X3-1536x1024.jpg 1536w, https:\/\/www.lagunino.cz\/wp-content\/uploads\/2024\/06\/2024-06-04-18h46m43-X3.jpg 1600w\" sizes=\"auto, (max-width: 1024px) 100vw, 1024px\" \/><\/figure>\n<\/figure>\n\n\n\n<hr class=\"wp-block-separator has-alpha-channel-opacity\"\/>\n\n\n\n<p class=\"has-text-align-center\">D\u011bti postupn\u011b sb\u00edraly body, kter\u00e9 se jim s\u010d\u00edtaly a ty nejlep\u0161\u00ed p\u0159ibli\u017eovaly do superfin\u00e1le. <\/p>\n\n\n\n<p class=\"has-text-align-center\">V sou\u010dtu bod\u016f v z\u00e1kladn\u00edch z\u00e1vodech zv\u00edt\u011bzili: <\/p>\n\n\n\n<p class=\"has-text-align-center\"><strong>Kids I V\u00edtek Joh\u00e1nek<\/strong><\/p>\n\n\n\n<p class=\"has-text-align-center\"><strong>Kids II Denis Ma\u0161\u00edn<\/strong><\/p>\n\n\n\n<p class=\"has-text-align-center\"><strong>Kids III Adriana Kope\u010dkov\u00e1<\/strong><\/p>\n\n\n\n<p class=\"has-text-align-center\"><strong>Kids IV Adam Jaru\u0161ek<\/strong><\/p>\n\n\n\n<p class=\"has-text-align-center\">Do 1. kola superfin\u00e1le postoupilo 10 d\u011bt\u00ed na z\u00e1klad\u011b z\u00edskan\u00fdch bod\u016f a dva na z\u00e1klad\u011b divok\u00fdch karet. <\/p>\n\n\n\n<p class=\"has-text-align-center\">V druh\u00e9m kole superfin\u00e1le se ji\u017e utkalo 6 nejlep\u0161\u00edch z nejlep\u0161\u00edch a celkov\u011b zv\u00edt\u011bzila Adriana Kope\u010dkov\u00e1, druh\u00fd byl Denis Ma\u0161\u00edn a t\u0159et\u00ed Adam Jaru\u0161ek \ud83d\udcaa\ud83c\udfc3\ud83d\udc4d\ud83d\udc4f<\/p>\n\n\n<div class=\"wp-block-image is-style-rounded\">\n<figure class=\"aligncenter size-large is-resized\"><img loading=\"lazy\" decoding=\"async\" width=\"1024\" height=\"683\" src=\"https:\/\/www.lagunino.cz\/wp-content\/uploads\/2024\/06\/2024-06-04-20h53m36-X3-1024x683.jpg\" alt=\"\" class=\"wp-image-25912\" style=\"width:498px;height:auto\" srcset=\"https:\/\/www.lagunino.cz\/wp-content\/uploads\/2024\/06\/2024-06-04-20h53m36-X3-1024x683.jpg 1024w, https:\/\/www.lagunino.cz\/wp-content\/uploads\/2024\/06\/2024-06-04-20h53m36-X3-300x200.jpg 300w, https:\/\/www.lagunino.cz\/wp-content\/uploads\/2024\/06\/2024-06-04-20h53m36-X3-768x512.jpg 768w, https:\/\/www.lagunino.cz\/wp-content\/uploads\/2024\/06\/2024-06-04-20h53m36-X3-1536x1024.jpg 1536w, https:\/\/www.lagunino.cz\/wp-content\/uploads\/2024\/06\/2024-06-04-20h53m36-X3.jpg 1600w\" sizes=\"auto, (max-width: 1024px) 100vw, 1024px\" \/><\/figure>\n<\/div>\n\n\n<hr class=\"wp-block-separator has-alpha-channel-opacity\"\/>\n\n\n\n<p class=\"has-text-align-center has-large-font-size\">Kone\u010dn\u00e9 v\u00fdsledky z\u00e1vod\u016f naleznete <a href=\"https:\/\/www.lagunino.cz\/?page_id=25388\">zde<\/a><\/p>\n\n\n\n<hr class=\"wp-block-separator has-alpha-channel-opacity\"\/>\n\n\n\n<p class=\"has-text-align-center has-larger-font-size\"><strong>Odkazy na jednotliv\u00e9 z\u00e1vody<\/strong><\/p>\n\n\n\n<p class=\"has-text-align-center\" style=\"font-size:24px\"><a href=\"https:\/\/www.lagunino.cz\/?page_id=25355\">\u00fater\u00fd 7. 5. 2024<\/a> <\/p>\n\n\n\n<p class=\"has-text-align-center\" style=\"font-size:24px\"><a href=\"https:\/\/www.lagunino.cz\/?page_id=25435\">\u00fater\u00fd 14. 5. 2024<\/a> <\/p>\n\n\n\n<p class=\"has-text-align-center\" style=\"font-size:24px\"><a href=\"https:\/\/www.lagunino.cz\/?page_id=25578\">\u00fater\u00fd 21. 5. 2024<\/a> <\/p>\n\n\n\n<p class=\"has-text-align-center\" style=\"font-size:24px\"><a href=\"https:\/\/www.lagunino.cz\/?page_id=25656\">p\u00e1tek 24. 5. 2024<\/a> <\/p>\n\n\n\n<p class=\"has-text-align-center\" style=\"font-size:24px\"><a href=\"https:\/\/www.lagunino.cz\/?page_id=25714\">\u00fater\u00fd 28. 5. 2024<\/a> <\/p>\n\n\n\n<p class=\"has-text-align-center\" style=\"font-size:24px\"><a href=\"https:\/\/www.lagunino.cz\/?page_id=25784\">p\u00e1tek 31. 5. 2024<\/a> <\/p>\n\n\n\n<p class=\"has-text-align-center\" style=\"font-size:24px\"><a href=\"https:\/\/www.lagunino.cz\/?page_id=25878\">\u00fater\u00fd 4. 6. 2024<\/a><\/p>\n\n\n\n<p class=\"has-text-align-center\" style=\"font-size:24px\"><a href=\"https:\/\/www.lagunino.cz\/?page_id=25968\">superfin\u00e1le \u00fater\u00fd 4. 6. 2024<\/a><\/p>\n\n\n\n<p style=\"font-size:24px\">Z\u00e1vody byly podpo\u0159eny dotac\u00ed od M\u011bsta Lib\u010dice nad Vltavou<\/p>\n\n\n\n<figure class=\"wp-block-image size-large is-resized\"><img loading=\"lazy\" decoding=\"async\" width=\"1024\" height=\"361\" src=\"https:\/\/www.lagunino.cz\/wp-content\/uploads\/2021\/05\/Lib\u010dice-1024x361.jpg\" alt=\"\" class=\"wp-image-11645\" style=\"width:664px;height:auto\" srcset=\"https:\/\/www.lagunino.cz\/wp-content\/uploads\/2021\/05\/Lib\u010dice-1024x361.jpg 1024w, https:\/\/www.lagunino.cz\/wp-content\/uploads\/2021\/05\/Lib\u010dice-300x106.jpg 300w, https:\/\/www.lagunino.cz\/wp-content\/uploads\/2021\/05\/Lib\u010dice-768x271.jpg 768w, https:\/\/www.lagunino.cz\/wp-content\/uploads\/2021\/05\/Lib\u010dice.jpg 1265w\" sizes=\"auto, (max-width: 1024px) 100vw, 1024px\" \/><\/figure>\n","protected":false},"excerpt":{"rendered":"<p>Lagunino Ninja Warrior Kids 2024 \u010ctvrt\u00fd ro\u010dn\u00edk z\u00e1vod\u016f Ninja Warrior Kids 2024 je za n\u00e1mi. D\u011bti byly naprosto \u00fa\u017easn\u00e9. U v\u0161ech bylo vid\u011bt obrovsk\u00e9 zlep\u0161en\u00ed a v\u0161ichni p\u0159edvedli fenomen\u00e1ln\u00ed v\u00fdsledky. V\u0161em se klan\u00edme a \ud83d\udc4f D\u011bti postupn\u011b sb\u00edraly body, kter\u00e9 se jim s\u010d\u00edtaly a ty nejlep\u0161\u00ed p\u0159ibli\u017eovaly do superfin\u00e1le. V [&hellip;]<\/p>\n","protected":false},"author":1,"featured_media":0,"parent":0,"menu_order":0,"comment_status":"closed","ping_status":"closed","template":"","meta":{"footnotes":""},"class_list":["post-24596","page","type-page","status-publish","hentry"],"featured_image_src":null,"_links":{"self":[{"href":"https:\/\/www.lagunino.cz\/wp-json\/wp\/v2\/pages\/24596","targetHints":{"allow":["GET"]}}],"collection":[{"href":"https:\/\/www.lagunino.cz\/wp-json\/wp\/v2\/pages"}],"about":[{"href":"https:\/\/www.lagunino.cz\/wp-json\/wp\/v2\/types\/page"}],"author":[{"embeddable":true,"href":"https:\/\/www.lagunino.cz\/wp-json\/wp\/v2\/users\/1"}],"replies":[{"embeddable":true,"href":"https:\/\/www.lagunino.cz\/wp-json\/wp\/v2\/comments?post=24596"}],"version-history":[{"count":34,"href":"https:\/\/www.lagunino.cz\/wp-json\/wp\/v2\/pages\/24596\/revisions"}],"predecessor-version":[{"id":28986,"href":"https:\/\/www.lagunino.cz\/wp-json\/wp\/v2\/pages\/24596\/revisions\/28986"}],"wp:attachment":[{"href":"https:\/\/www.lagunino.cz\/wp-json\/wp\/v2\/media?parent=24596"}],"curies":[{"name":"wp","href":"https:\/\/api.w.org\/{rel}","templated":true}]}}