{"id":171,"date":"2018-10-03T09:45:24","date_gmt":"2018-10-03T09:45:24","guid":{"rendered":"http:\/\/www.lagunino.cz\/?page_id=171"},"modified":"2025-01-25T19:53:35","modified_gmt":"2025-01-25T19:53:35","slug":"fotogalerie","status":"publish","type":"page","link":"https:\/\/www.lagunino.cz\/fotogalerie\/","title":{"rendered":"Fotogalerie"},"content":{"rendered":"\n<h2 class=\"wp-block-heading has-text-align-center has-huge-font-size\">Fotogalerie<\/h2>\n\n\n\n<p class=\"has-text-align-center has-larger-font-size\">Fotogalerie z krou\u017ek\u016f, v\u00fdlet\u016f, t\u00e1bor\u016f, z\u00e1vod\u016f a dal\u0161\u00edch akc\u00ed naleznete v extern\u00ed galerii chr\u00e1n\u011bn\u00e9 heslem<\/p>\n\n\n<div class=\"wp-block-image\">\n<figure class=\"aligncenter size-full is-resized\"><a href=\"https:\/\/romankotlin.smugmug.com\/Lagunino-z-s\" target=\"_blank\" rel=\" noreferrer noopener\"><img loading=\"lazy\" decoding=\"async\" width=\"512\" height=\"512\" src=\"https:\/\/www.lagunino.cz\/wp-content\/uploads\/2025\/01\/29-smugmug-512.webp\" alt=\"\" class=\"wp-image-28521\" style=\"width:272px;height:auto\" srcset=\"https:\/\/www.lagunino.cz\/wp-content\/uploads\/2025\/01\/29-smugmug-512.webp 512w, https:\/\/www.lagunino.cz\/wp-content\/uploads\/2025\/01\/29-smugmug-512-300x300.webp 300w, https:\/\/www.lagunino.cz\/wp-content\/uploads\/2025\/01\/29-smugmug-512-150x150.webp 150w, https:\/\/www.lagunino.cz\/wp-content\/uploads\/2025\/01\/29-smugmug-512-500x500.webp 500w\" sizes=\"auto, (max-width: 512px) 100vw, 512px\" \/><\/a><\/figure>\n<\/div>","protected":false},"excerpt":{"rendered":"<p>Fotogalerie Fotogalerie z krou\u017ek\u016f, v\u00fdlet\u016f, t\u00e1bor\u016f, z\u00e1vod\u016f a dal\u0161\u00edch akc\u00ed naleznete v extern\u00ed galerii chr\u00e1n\u011bn\u00e9 heslem<\/p>\n","protected":false},"author":1,"featured_media":0,"parent":0,"menu_order":0,"comment_status":"closed","ping_status":"closed","template":"","meta":{"footnotes":""},"class_list":["post-171","page","type-page","status-publish","hentry"],"featured_image_src":null,"_links":{"self":[{"href":"https:\/\/www.lagunino.cz\/wp-json\/wp\/v2\/pages\/171","targetHints":{"allow":["GET"]}}],"collection":[{"href":"https:\/\/www.lagunino.cz\/wp-json\/wp\/v2\/pages"}],"about":[{"href":"https:\/\/www.lagunino.cz\/wp-json\/wp\/v2\/types\/page"}],"author":[{"embeddable":true,"href":"https:\/\/www.lagunino.cz\/wp-json\/wp\/v2\/users\/1"}],"replies":[{"embeddable":true,"href":"https:\/\/www.lagunino.cz\/wp-json\/wp\/v2\/comments?post=171"}],"version-history":[{"count":7,"href":"https:\/\/www.lagunino.cz\/wp-json\/wp\/v2\/pages\/171\/revisions"}],"predecessor-version":[{"id":28948,"href":"https:\/\/www.lagunino.cz\/wp-json\/wp\/v2\/pages\/171\/revisions\/28948"}],"wp:attachment":[{"href":"https:\/\/www.lagunino.cz\/wp-json\/wp\/v2\/media?parent=171"}],"curies":[{"name":"wp","href":"https:\/\/api.w.org\/{rel}","templated":true}]}}